= 44*s - 60*s. Suppose 6 = -2*i, -8 - 25 = -4*l - s*i. Calculate the remainder when 46 is divided by l.
10
Suppose 3*x + 11 = -58. Let s = -20 - x. Suppose -s*w - 2*y + 63 = -60, -3*y + 48 = w. Calculate the remainder when 150 is divided by w.
33
Suppose 191*j - 3180 = 7074 + 1397. Calculate the remainder when 866 is divided by j.
12
Let m = 3940 - 3903. What is the remainder when m is divided by 9 - (-2)/(-1) - 2?
2
Calculate the remainder when (128 - 102) + (11 - 0) is divided by 2/4*5*6.
7
Suppose -25*z = 28*z - 134*z + 2916. Calculate the remainder when 862 is divided by z.
34
Suppose -5*n = -3*t - 1339 + 195, -n - 2*t = -234. Let b(i) = -i**3 + 5*i**2 + 3*i + 12. Calculate the remainder when n is divided by b(5).
14
Let s = -6 + 26. Suppose 12689 = 189*a - 2998. What is the remainder when a is divided by s?
3
Suppose -14*h + 60 = -8*h. Let t = 102 + -33. What is the remainder when t is divided by h?
9
Let f(k) = 440*k - 50. Let c = 2 - -21. What is the remainder when f(1) is divided by c?
22
Suppose 2*q = 4*c - 587 + 3181, 5*q - 6505 = 5*c. What is the remainder when q is divided by 30?
15
Suppose 692 = -6*z + 2*z. Let u = z - -247. Suppose -13*d = 38 - 207. Calculate the remainder when u is divided by d.
9
Calculate the remainder when (630 - 427) + 1 + 38 is divided by ((-4)/(-10))/(1/155).
56
Suppose 3*v + 6*c - 11*c = -16, 4*c - 16 = 4*v. Calculate the remainder when 101 is divided by v + 23 + 18 + -15.
5
Let o = -303204 + 303220. Let q(g) = g**3 - g**2 + g + 106. What is the remainder when q(0) is divided by o?
10
Let c = -4260 + 4884. Calculate the remainder when c is divided by 125.
124
Let q be (-4)/5*(-240)/96. Suppose 12*s + q*s = 266. Calculate the remainder when 109 is divided by s.
14
Suppose 2*v - 133 = -5*w, 0 = -w - 3*w + 2*v + 92. Suppose w = 3*t - 50. What is the remainder when (-4)/6 + (-14)/(-12) + (-36022)/(-868) is divided by t?
17
Let q(r) = r**2 - 4*r + 1. Suppose -h = u - 60, 4*u + h = 86 + 154. Suppose -u = -11*f + 5*f. Calculate the remainder when f is divided by q(5).
4
Let t(y) = 3*y**2 + 4. Let s(g) = g**3 + 2*g**2 - g - 2. Let h be s(-2). Suppose h = 8*m - 66 - 22. Calculate the remainder when t(3) is divided by m.
9
Let j(u) = -126*u - 1385. Calculate the remainder when 87/4 - 3/(-12) is divided by j(-11).
0
Suppose p + 0*k - 3*k - 3 = 0, 2 = 2*p - 2*k. Suppose p*b + 3*b - 27 = 0. What is the remainder when 8/(-1) + ((-9768)/(-264) - (6 + -3)) is divided by b?
8
Suppose 2*b + 45 - 29 = 0. What is the remainder when 299/3 - 8*b/(-96) is divided by 35?
29
Suppose -6*t + 8*t = s + 3618, 2*t + 2*s = 3636. What is the remainder when t is divided by 360?
12
Suppose 3*j = 4*z - 2*z - 218, -2*z + 222 = -4*j. Let a = -180 + z. Let i = -71 - a. Calculate the remainder when 15 is divided by i.
3
Let k = -68 - -70. Suppose -307 = 4*c + l, 2*c - k*l = -2*c - 310. Let s = -40 - c. Calculate the remainder when s is divided by 22.
15
Let c(r) = 462*r**3 + 13*r**2 - 22*r - 5. Calculate the remainder when c(2) is divided by 10.
9
Suppose -47*w - 10 = 37. Calculate the remainder when 44 is divided by -36*21/(-28) - w.
16
Let o(b) = -10*b**3 + 5*b**2 + 19*b + 30. What is the remainder when 251 is divided by o(-2)?
67
Suppose 0 = -3*u - 5*a - 1791, 2*a = -2*u + 5*a - 1175. Let t = u - -617. What is the remainder when t is divided by 8?
1
Suppose 3*v - 6 = 0, -4*v = -3*q + q + 52. Suppose -p + 24 = -4*m + 2*m, 3*p = 3*m + 69. Suppose 5*c - p = 33. What is the remainder when q is divided by c?
8
Suppose x + 3*i - 70 = -9, -3*x + 172 = -2*i. Suppose -5*g - 20*f = -17*f - 4881, -4*g + f + 3949 = 0. What is the remainder when g is divided by x?
56
Let d(y) = -43*y + 31. Calculate the remainder when d(-8) is divided by 54.
51
Let p(h) = 385*h**2 + 15*h - 161. What is the remainder when p(5) is divided by 9?
8
Suppose -133 = 13*u + 114. Let d = 24 - u. Calculate the remainder when 50 is divided by d.
7
Let l(v) = -v**2 + 15*v + 57. Let m = 105 - 87. Suppose 5*u - 39 = 41. What is the remainder when u is divided by l(m)?
1
Suppose -16*h = -17*h + 71. Suppose h*g = 79*g - 272. What is the remainder when g is divided by 19?
15
Suppose -12323 - 3489 = -21*m - 46*m. Calculate the remainder when m is divided by 70.
26
Let j = 9799 - 9653. What is the remainder when 307 is divided by j?
15
Let g(o) = -o**3 + 11*o**2 - 8*o - 3. Let n = -583 + 586. What is the remainder when 224 is divided by g(n)?
44
Let r(y) = -y**3 + 28*y**2 - 58*y + 847. What is the remainder when r(26) is divided by 118?
101
Let f(a) be the third derivative of 3/2*a**3 + 0 - 9*a**2 + 1/24*a**4 + a. What is the remainder when 20 is divided by f(-4)?
0
Let d(i) be the first derivative of 2*i**3/3 + 7*i**2/2 - 106*i + 139. Let p = -55 - -91. Calculate the remainder when d(11) is divided by p.
33
Let s(d) = -d**2 + 13*d - 15. Let a(o) = o**2 + 1. Let c(n) = -2*a(n) - s(n). Suppose -3*u - 57 + 24 = 0. Calculate the remainder when c(u) is divided by 9.
8
Suppose 3*q + 4*r = -687 - 6, 4*r = q + 215. Suppose 0 = 9*b - 0*b - 3033. Let d = b + q. Calculate the remainder when d is divided by 37.
36
Let w(q) = 5*q**2 + 546*q - 4416. Calculate the remainder when 632 is divided by w(8).
88
Calculate the remainder when 4/8*-4 + (-4 - -9076)/7 is divided by 48.
46
Let a = -579 + 973. What is the remainder when a is divided by 49?
2
Suppose 649 = 7*q - 1584. Calculate the remainder when q is divided by 114.
91
Suppose 4*o - 3503 = -3*q, 26*o + 1168 = q + 27*o. Calculate the remainder when q is divided by 577.
15
Suppose 2*p - 38 = -4*t, -p + 3*t - 17 = -2*p. What is the remainder when 293 is divided by p?
17
Let b be (-74)/3*(-9 + 0). Suppose -5*h - b = -8*h. Suppose -5*y + 3*u + 87 = 7*u, 3*y + 4*u = 49. What is the remainder when h is divided by y?
17
Suppose -5*o + 3430 = -5*z, 117 = 5*o - z - 3337. What is the remainder when o is divided by 47?
34
Suppose -4*u + 12 = 5*k, 6 = -0*k + 3*k + 3*u. Calculate the remainder when k is divided by ((-6)/(-15))/(2/5).
0
Calculate the remainder when 958 is divided by -8 + 1*-1 + -450 + 482.
15
Suppose -13*o = -1784 + 679. Suppose 7*z - 6*z = 0. Suppose 0*l - 5*l + 110 = z. Calculate the remainder when o is divided by l.
19
Let g(l) = -203*l + 3676. Calculate the remainder when g(-5) is divided by 69.
68
Let z(s) = 67*s - 2. Let c(g) = -3*g + 74. What is the remainder when z(1) is divided by c(20)?
9
What is the remainder when 1753 is divided by 4/(-20)*-4395 - 10?
15
Let s(i) = -13*i + 2591. Calculate the remainder when s(190) is divided by (-1 - (-7)/3)*12.
9
Calculate the remainder when ((-10)/(-3))/(((-2)/(-226))/(24/16)) is divided by 53.
35
Let i(o) = o**3 - 9*o**2 - 11*o + 86. Let z be i(12). Let t = -339 + z. Calculate the remainder when 82 is divided by t.
35
Let y(w) = -w**3 + 6*w**2 - 5*w - 4. Calculate the remainder when (93 - (-1833)/(-39)) + 87 is divided by y(4).
5
Let g(q) = -q**3 - q**2 - 4*q - 3. Calculate the remainder when 605 is divided by g(-4).
56
Let h(z) = z + 10. Suppose -876 = -4*n + 4*c, -n + 96 = 3*c - 127. What is the remainder when n is divided by h(27)?
35
Let l = -180 - -208. What is the remainder when 28 is divided by l?
0
Let t be ((12/(-7))/6)/((-3)/21). Suppose z = 5*z - 96. Suppose -t*i - 2*i + z = 0. What is the remainder when 11 is divided by i?
5
Suppose i = 4*b - 19646, 2*i - 24556 = -5*b + 4*i. Calculate the remainder when b is divided by 14.
12
Suppose -2*a - 61 = -3*s, 5*s - 4*a - 3 = 96. What is the remainder when 86 is divided by s?
17
Let x = -1176 - -1485. What is the remainder when 2158 is divided by x?
304
Let x = 558 - 334. Suppose -173*p + x = -165*p. What is the remainder when p is divided by 6?
4
Suppose 6*x - 15 = x. Suppose 2*p - 3*m - 18 - 10 = 0, 0 = -4*p - 3*m + 74. What is the remainder when p is divided by x?
2
Let h(g) = -16 - 17 + g**2 - 5*g - 6*g + 13. Let p be h(16). Suppose -4*m = -2*z - z - p, -5*m = 3*z - 75. Calculate the remainder when 89 is divided by m.
14
Let d(u) = u**3 - 30*u**2 + 199*u - 2. Let q(p) = -4*p - 2. Let c be q(-3). Let l = 5 + c. What is the remainder when d(9) is divided by l?
13
Suppose -272*w + 268*w - 12 = 0, 571 = 4*a - 5*w. What is the remainder when a is divided by 52?
35
Let w(c) = c**3 - 2*c**2 + 5*c - 3. Let m = 228 - 381. Let d = m + 212. What i